e the prime factors of 186418?
2, 83, 1123
List the prime factors of 1772390.
2, 5, 177239
What are the prime factors of 1854270?
2, 3, 5, 11, 1873
What are the prime factors of 11053?
7, 1579
What are the prime factors of 108029?
59, 1831
List the prime factors of 15841248.
2, 3, 31, 5323
What are the prime factors of 1281446?
2, 449, 1427
List the prime factors of 732296.
2, 239, 383
What are the prime factors of 6530626?
2, 29, 109, 1033
What are the prime factors of 449889?
3, 11, 13633
List the prime factors of 4930983.
3, 181, 1009
What are the prime factors of 45033?
3, 17, 883
What are the prime factors of 2324213?
19, 122327
List the prime factors of 446134.
2, 13, 17159
What are the prime factors of 77722?
2, 38861
List the prime factors of 3125074.
2, 613, 2549
What are the prime factors of 7137995?
5, 1427599
What are the prime factors of 178873?
178873
What are the prime factors of 47701?
47701
List the prime factors of 6750936.
2, 3, 93763
What are the prime factors of 226657?
226657
What are the prime factors of 25459315?
5, 7, 727409
What are the prime factors of 33051288?
2, 3, 1377137
List the prime factors of 8776541.
8776541
What are the prime factors of 253753?
47, 5399
List the prime factors of 132918.
2, 3, 22153
What are the prime factors of 2331622?
2, 89, 13099
What are the prime factors of 370323?
3, 23, 1789
List the prime factors of 1580144.
2, 61, 1619
What are the prime factors of 1790004?
2, 3, 43, 3469
What are the prime factors of 721664?
2, 2819
List the prime factors of 330552.
2, 3, 4591
What are the prime factors of 505460?
2, 5, 127, 199
What are the prime factors of 11415249?
3, 140929
What are the prime factors of 10414042?
2, 61, 85361
List the prime factors of 22375279.
2089, 10711
List the prime factors of 58027.
58027
List the prime factors of 380590.
2, 5, 7, 5437
List the prime factors of 6771446.
2, 11, 233, 1321
What are the prime factors of 703224?
2, 3, 9767
List the prime factors of 13051892.
2, 7, 466139
What are the prime factors of 1555960?
2, 5, 7, 5557
What are the prime factors of 9216843?
3, 19, 97, 1667
List the prime factors of 487032.
2, 3, 7, 13, 223
What are the prime factors of 1535183?
13, 269, 439
What are the prime factors of 517174?
2, 7, 17, 41, 53
List the prime factors of 209052.
2, 3, 5807
List the prime factors of 1098897.
3, 17, 29, 743
What are the prime factors of 152644?
2, 31, 1231
What are the prime factors of 62062?
2, 7, 11, 13, 31
What are the prime factors of 129242?
2, 64621
List the prime factors of 1529137.
31, 107, 461
List the prime factors of 181134.
2, 3, 29, 347
What are the prime factors of 13422168?
2, 3, 186419
List the prime factors of 5426.
2, 2713
List the prime factors of 162108.
2, 3, 19, 79
List the prime factors of 14253.
3, 4751
List the prime factors of 1042704.
2, 3, 13, 557
List the prime factors of 504640.
2, 5, 19, 83
What are the prime factors of 294375?
3, 5, 157
List the prime factors of 1869189.
3, 7, 89009
List the prime factors of 12669401.
1061, 11941
List the prime factors of 328406.
2, 13, 17, 743
What are the prime factors of 7557113?
7557113
What are the prime factors of 14345018?
2, 229, 31321
List the prime factors of 2636617.
2636617
What are the prime factors of 36516?
2, 3, 17, 179
List the prime factors of 2066691.
3, 11, 62627
What are the prime factors of 4747335?
3, 5, 17, 18617
List the prime factors of 597921.
3, 241, 827
What are the prime factors of 163067?
29, 5623
List the prime factors of 1465605.
3, 5, 32569
What are the prime factors of 5353165?
5, 41, 26113
List the prime factors of 296272.
2, 18517
List the prime factors of 2036867.
7, 43, 67, 101
What are the prime factors of 9469208?
2, 7, 169093
List the prime factors of 84617.
13, 23, 283
List the prime factors of 390279.
3, 19, 41, 167
List the prime factors of 384329.
11, 34939
What are the prime factors of 32782188?
2, 3, 17, 160697
What are the prime factors of 2150980?
2, 5, 13, 8273
List the prime factors of 8768164.
2, 31, 2281
What are the prime factors of 4339480?
2, 5, 157, 691
List the prime factors of 1749407.
11, 359, 443
What are the prime factors of 628852?
2, 7, 37, 607
What are the prime factors of 13669430?
2, 5, 1366943
List the prime factors of 21325923.
3, 19, 31, 149
List the prime factors of 22726516.
2, 5681629
List the prime factors of 18667289.
43, 53, 8191
What are the prime factors of 511884?
2, 3, 59, 241
What are the prime factors of 1172081?
1172081
List the prime factors of 510709.
510709
List the prime factors of 2564160.
2, 3, 5, 2671
List the prime factors of 891606.
2, 3, 181, 821
What are the prime factors of 8108361?
3, 900929
List the prime factors of 1602617.
23, 59, 1181
What are the prime factors of 371627?
371627
What are the prime factors of 3681631?
83, 44357
What are the prime factors of 6846419?
59, 116041
What are the prime factors of 1270073?
7, 181439
List the prime factors of 468346.
2, 37, 6329
What are the prime factors of 10015?
5, 2003
List the prime factors of 15687791.
7, 45737
List the prime factors of 401169.
3, 133723
List the prime factors of 205153.
13, 43, 367
What are the prime factors of 891045?
3, 5, 19801
List the prime factors of 4508268.
2, 3, 31, 12119
List the prime factors of 3955086.
2, 3, 219727
What are the prime factors of 6734172?
2, 3, 561181
What are the prime factors of 491272?
2, 61409
List the prime factors of 7507166.
2, 17, 19, 11621
What are the prime factors of 3032045?
5, 601, 1009
List the prime factors of 21268633.
157, 135469
List the prime factors of 58774.
2, 29387
What are the prime factors of 129771?
3, 14419
What are the prime factors of 3418296?
2, 3, 7, 20347
What are the prime factors of 2925?
3, 5, 13
What are the prime factors of 3734736?
2, 3, 29, 2683
What are the prime factors of 20127754?
2, 10063877
List the prime factors of 30523614.
2, 3, 11, 19, 101, 241
What are the prime factors of 549911?
549911
List the prime factors of 191831.
191831
List the prime factors of 369804.
2, 3, 30817
List the prime factors of 195886.
2, 97943
What are the prime factors of 19252?
2, 4813
List the prime factors of 83359.
31, 2689
What are the prime factors of 973499?
61, 15959
What are the prime factors of 15130600?
2, 5, 75653
List the prime factors of 867375.
3, 5, 257
List the prime factors of 1882141.
1882141
List the prime factors of 27392697.
3, 59, 79, 653
What are the prime factors of 23540787?
3, 290627
List the prime factors of 194554.
2, 89, 1093
List the prime factors of 1914429.
3, 11, 58013
What are the prime factors of 12613508?
2, 3153377
What are the prime factors of 285950?
2, 5, 7, 19, 43
List the prime factors of 74001.
3, 17, 1451
List the prime factors of 515383.
11, 46853
What are the prime factors of 1111979?
11, 101089
What are the prime factors of 2960787?
3, 986929
What are the prime factors of 7625801?
7625801
List the prime factors of 28289638.
2, 13, 1088063
List the prime factors of 833284.
2, 41, 5081
List the prime factors of 18819281.
13, 151, 9587
List the prime factors of 1246125.
3, 5, 3323
List the prime factors of 1491526.
2, 53, 14071
What are the prime factors of 3722362?
2, 7, 265883
List the prime factors of 622729.
622729
List the prime factors of 8336806.
2, 4168403
What are the prime factors of 25433661?
3, 11, 59, 13063
What are the prime factors of 18616045?
5, 7, 241, 2207
What are the prime factors of 2356770?
2, 3, 5, 13, 6043
What are the prime factors of 4774753?
4774753
List the prime factors of 22221493.
7, 3174499
What are the prime factors of 1077039?
3, 119671
What are the prime factors of 16053904?
2, 1003369
List the prime factors of 108034.
2, 19, 2843
List the prime factors of 4390960.
2, 5, 7, 7841
List the prime factors of 141219.
3, 13, 17, 71
What are the prime factors of 15587768?
2, 7, 278353
What are the prime factors of 75043?
101, 743
What are the prime factors of 429899?
429899
List the prime factors of 925283.
97, 9539
List the prime factors of 341978.
2, 7, 13, 1879
What are the prime factors of 18437931?
3, 67, 30577
What are the prime factors of 1414913?
1414913
What are the prime factors of 1323291?
3, 181, 2437
What are the prime factors of 30467650?
2, 5, 37, 43, 383
List the prime f